ose -p + 5*o + 10 = 0, 0 = -2*p + 3*p + q*o - 1. Suppose -4*w + 91 = -p. What is the units digit of w?
4
Let k be 4/(-6) + (-10)/3. What is the units digit of k/(-14) - 3000/(-35)?
6
Let q = -72 + 391. What is the units digit of q?
9
Let o be (1 - 1)/(-1 + 3). Let t = -265 - -272. Suppose 8*f - t*f - 44 = o. What is the tens digit of f?
4
Let m = -146 + 220. Suppose r = 4*l + 62, -m = 4*r - l - 397. Let w = r - 57. What is the tens digit of w?
2
What is the hundreds digit of (-20)/6*3399/(-22)?
5
Let h = -10 + 15. Let u(j) = 7*j**2 - j**3 - 1 - 11 + 18 - 4*j. What is the units digit of u(h)?
6
Suppose 0 = -k + 472 + 81. What is the units digit of k?
3
Let x = -22 - -47. Let u(o) = -o**2 - 9*o + 34. Let k be u(-12). Let y = x + k. What is the units digit of y?
3
Suppose -10 = a + a + 5*w, 0 = w + 2. Suppose a = m - 5*t - 50, 0 = 4*m + 5*t - t - 128. What is the tens digit of m?
3
Let g = -16 + 25. Suppose -400 = g*r - 14*r. What is the units digit of r?
0
Let y(j) = j**2 - j + 2. Let h be 73/30*2 + (-6)/(-45). What is the units digit of y(h)?
2
Let y(g) = 2*g + 1. Let n be y(2). Suppose 0 = -4*t, 3*z - z + n*t - 2 = 0. What is the units digit of 4 + (0 + 0 - z)?
3
Let k be (-120)/(-28) + 8/(-28). Suppose -750 = -v - k*v. Suppose 18*n = 21*n - v. What is the tens digit of n?
5
Suppose -5*q = -4*v + 29, 0*v - v + 4*q = -21. Let k be v + 1 + 4 - 1. What is the units digit of (-54)/k*(-15)/6?
7
Suppose -8*p = -6*p - 8. Suppose -x + p*x - 15 = 0. Suppose 8 + 12 = x*g. What is the units digit of g?
4
Let s be (6 - (-4 - -5)) + 3. Suppose -10*k = -6*k - s. Suppose -c + 4*j + k - 3 = 0, 2*c + 4*j - 22 = 0. What is the units digit of c?
7
Let z(b) = 5*b**2 - 5*b - 3. Let g be z(-1). Suppose g - 435 = -4*h. What is the hundreds digit of h?
1
Let k(t) = -t**2 - 18 + 69 - 25 - t. What is the units digit of k(0)?
6
Let g(w) = -w**2 + 8*w - 2. Let q be g(9). Let m(b) = 1 - b**3 - 1 + 4 - 11*b**2. What is the units digit of m(q)?
4
Let i(g) = 41*g - 488. What is the hundreds digit of i(32)?
8
Let s(x) = 8*x**2 - 8*x + 4. What is the units digit of s(6)?
4
Suppose 14*z = -1102 + 6128. What is the hundreds digit of z?
3
Let t(k) = 182*k + 39. What is the tens digit of t(1)?
2
What is the units digit of 3/((-7 + 2)/(-65))?
9
Suppose -4 = -2*f + 2*s, 2*s - 10 = -3*f + s. Let l(u) = u**2 - f*u - 2*u + 8 - 10. What is the units digit of l(7)?
2
Let x = -2429 - -3553. What is the tens digit of x?
2
Suppose 0 = 12*r + 29*r - 61623. What is the units digit of r?
3
Let i(v) = -v + 1. Let q(f) = -52*f - 8. Let r(z) = 6*i(z) + q(z). Suppose 2*d - 1 = l, 6*d - 5 = 5*l + 7*d. What is the tens digit of r(l)?
5
Suppose -2*w + 4*l - 8 = 0, -2*w - 5*l + 15 + 13 = 0. Suppose -w*g = -8*g + 88. What is the tens digit of g?
2
Let h(f) = -f**2 + 10*f - 6. Let c(b) = -b**3 - 5*b**2 - 6*b. Let u be c(-4). Let o be h(u). Suppose -n - o = -18. What is the units digit of n?
8
Suppose 5*f = -k - 35, -4*f - 13 - 19 = k. Let t(v) = 6*v + 13. Let p be t(4). Let n = k + p. What is the tens digit of n?
1
Suppose 6*g - 1972 + 160 = 0. What is the tens digit of g?
0
Let l(b) be the third derivative of 0 + 4*b**2 + 1/3*b**4 - 1/6*b**3 + 0*b. What is the units digit of l(1)?
7
Let w(z) = z + 3. Let x be w(4). Suppose 3*h - 12 = -3*i, 0 = -4*h - 5*i + 6 + x. Let u = h - -3. What is the units digit of u?
0
Let r(x) = x**3 - 2*x**2 - 11*x + 1. Let c be r(5). Let t(g) = -23*g - 1. Let z be t(-3). Let o = z - c. What is the tens digit of o?
4
Suppose -5*t = -10*t + 90. What is the units digit of -2 + (-243)/(-7) + t/63?
3
Let g(w) = 2*w + 3. Let v be g(3). Let i = v + 63. Suppose 3*a = 3*n + i, 2*a = 5*a - n - 76. What is the tens digit of a?
2
Suppose 40*s = 45*s - 690. What is the tens digit of s?
3
What is the tens digit of (-174629)/(-76) + 3/(-4)?
9
Suppose 0 = -4*v + 5*n + 22540, 2*v = -2*v - 2*n + 22512. What is the tens digit of v?
3
Suppose -2*p + 3*p = -5*g + 6, -5*g = 3*p - 8. Let b = 4 - p. Suppose 3*y = -3*j + 81, -3*y + 75 = -2*j + b*j. What is the tens digit of y?
2
Suppose -r - 4*n + 310 = 0, 0 = 2*r + 5*n - 704 + 90. What is the units digit of r?
2
Suppose -11056 = -4*l + 2*o, 3*l = o + 5127 + 3166. What is the hundreds digit of l?
7
Let x = -30 - -35. Suppose -115 = -x*j - n - 15, 4*j - 71 = n. What is the units digit of j?
9
Let k = 376 - -7. What is the hundreds digit of k?
3
Let n(f) = -f**3 - 5*f**2 + 9*f + 1. Let z be n(-7). Let c = z + 79. What is the tens digit of c?
1
Let c = 54 - 32. Let o = -61 - c. Let s = 118 + o. What is the units digit of s?
5
Let y be 16/24 + (-10)/(-3). Suppose 0 = -3*p + y*t - 3, 0 = 4*t - 3 - 9. Let h = 8 - p. What is the units digit of h?
5
Let j(n) = -14 + 7*n - 10 + 18. Let u be j(3). Suppose -48 = -3*v + u. What is the units digit of v?
1
Let p be 3/18 - (-34)/12. Suppose -2*b = 3*o + 7, 2*o - b + p*b = -8. Suppose 4*c + o = 105. What is the units digit of c?
6
Let h(z) = 27 - 19*z - z**3 + 0*z**3 - 5*z**2 - 31 + 2*z**3. What is the tens digit of h(8)?
3
Let b(x) = x**3 + 6*x**2 - 4. Let m be b(-6). Let w be 3/(-12)*-2 - (-285)/6. What is the units digit of w*m*(-2)/24?
6
Suppose 799 + 209 = 9*v. Let o = v - 20. What is the tens digit of o?
9
Suppose 3*v + 0*v - 840 = -3*c, 4*c - 12 = 0. What is the hundreds digit of v?
2
Let f be (-1 + 5)*6/4. Let u be (4 + (5 - -2))*f. Suppose -3*w - 2*s + 15 = -31, -2*s = -5*w + u. What is the tens digit of w?
1
Suppose -w - 2*u = -u + 40, -u - 112 = 3*w. Let h be (-92)/(-3) + w/(-27). Suppose 8 = -3*y + h. What is the units digit of y?
8
What is the tens digit of 2/(-14) + 41472/224?
8
Suppose 0 = -2*u + 108*r - 111*r + 345, -3*u + 4*r = -543. What is the hundreds digit of u?
1
What is the hundreds digit of ((-72)/4)/((-4)/110)?
4
Let j = -1178 - -1714. What is the hundreds digit of j?
5
What is the units digit of -60*(-10752)/(-80)*1/(-3)?
8
Let v(b) = -29*b + 26. Let c(t) = -57*t + 53. Let l(y) = 2*c(y) - 5*v(y). What is the tens digit of l(5)?
3
Let q be ((-12)/(-10))/(2/15). Suppose -1 + q = 2*m. Suppose 0 = -m*v + 4*s + 48, -5*s + 28 = 2*v - 10. What is the tens digit of v?
1
Let s be (-1 - 0)*(-2 + -2). Let r be s + 31 + (1 - -1). Let g = r + -20. What is the tens digit of g?
1
What is the units digit of ((-1248)/10)/((-32)/160) - -3?
7
Let p(d) = d - 16. Let z be p(7). Let l = z + 15. Suppose 0 = -i, r = 2*i + 3*i + l. What is the units digit of r?
6
Let s(d) = 139*d + 32. What is the units digit of s(4)?
8
Suppose -2*a - p - 1 = 0, -7 = 3*a + 4*p - 3. Suppose a = -4*g + 3*o + 94, -g - 5*o = -0*g - 35. What is the tens digit of g?
2
Let t(n) = -2*n**3 - n**2 + 3*n - 1. Let h be t(-3). Let x be 9/(-1) - (-20)/(-4). Let v = h + x. What is the units digit of v?
1
Let w = 4 - -5. Suppose 8*f - w*f = 0. Suppose 4*m + f = 48. What is the units digit of m?
2
Suppose -8*n - 222 = 250. Let c = n + 202. What is the hundreds digit of c?
1
Let x(u) = -12*u - 83. Let f be (2/(-6))/(1/39). What is the units digit of x(f)?
3
Let u = 1333 + -738. What is the tens digit of u?
9
Let t(k) = -k**2 + 17*k + 61. What is the hundreds digit of t(12)?
1
Let i = -758 + 1419. What is the tens digit of i?
6
What is the units digit of -1387*(1 + 18/(-9))?
7
Let p(u) = 341*u**2 - 6*u + 36. What is the units digit of p(4)?
8
Let k = -11 - -19. Suppose -t + k = t. Suppose -4*r + t*s + 60 = 0, -3*r - 3*s = -8 - 31. What is the units digit of r?
4
Suppose 0 = -2*a + 906 - 22. What is the units digit of a?
2
Let h = 19 - 17. Suppose -n + b + 120 = h*n, 0 = -4*n + 3*b + 160. What is the units digit of n?
0
Let h(c) = -49*c - 16. Let s(d) = 10*d + 3. Let z(p) = 2*h(p) + 11*s(p). Let l be z(-1). Let b = 24 + l. What is the units digit of b?
3
Let o(w) = w**3 - 7*w**2 - w - 3. Suppose 10 - 34 = -3*i. What is the tens digit of o(i)?
5
Let b(a) = 3*a + 15. Let t(j) = 3*j + 16. Let s(m) = -3*b(m) + 2*t(m). Let u(q) = -q**2 - 5*q + 59. Let l be u(6). What is the units digit of s(l)?
8
Let s = 177 + 334. What is the hundreds digit of s?
5
Suppose 2*h = 3*h - 3. Let t be (-1 - -1) + -1 + h. Suppose 2*j = 4*q - 36, q + 4*j = -t*q + 49. What is the units digit of q?
1
Suppose 0*u - 2 = 2*u. Let k be 52/16 - u/(-4). Suppose -5*t + 75 = 3*h, -4*h + 100 = -k*t - 0*t. What is the tens digit of h?
2
What is the units digit of ((-5038)/6)/(173/(-51